nder when 5 is divided by o?
2
Let f = 18 - 14. Let b = 2 - -1. Suppose -b = r - 2*r. What is the remainder when f is divided by r?
1
Let j = 21 + -10. Suppose 5*q - 9 = j. Let g = -488 - -498. Calculate the remainder when g is divided by q.
2
Suppose 2*f - 84 - 45 = -i, -5*f - 420 = -3*i. What is the remainder when i is divided by 59?
17
What is the remainder when 125 is divided by 5/((-105)/36)*105/(-30)?
5
Let v(q) = 2*q + 2. Let t be v(-1). Suppose 5*s = -5*k + 245, 0 = -k - t*s - 4*s + 61. What is the remainder when k is divided by 12?
9
Suppose 3*w - 88 = w + 3*q, 2*q = 0. What is the remainder when 97 is divided by w?
9
Let m(f) = -f**2 + 15*f - 2. Let z be m(13). Calculate the remainder when z/60 + 366/10 is divided by 20.
17
Let c = -43 + 43. Suppose 4*i - 4 = 2*y, c = -2*y + y - i + 10. What is the remainder when 12 is divided by y?
0
Let r = -846 - -947. Calculate the remainder when r is divided by 40.
21
Let d = 39 + 23. Let r = -42 + d. What is the remainder when (39 - (0 + 0)) + 0 is divided by r?
19
Suppose 10*d = 5*d + 105. Calculate the remainder when 47 is divided by d.
5
What is the remainder when 311 is divided by -2 + -4 - (2 + -155 - 3)?
11
Suppose 2*b - 5*d = -24, -6*d + d = 4*b - 12. Let s = 8 + b. Suppose 0 = 2*z - s - 164. What is the remainder when z is divided by 22?
19
Let k(y) = -y + 5. Let w be k(3). Suppose -r + 35 = -5*p, -2 = r - w*p - 25. Let i = 29 - 20. What is the remainder when r is divided by i?
6
Let w(s) be the first derivative of -5*s**2/2 + 9. Calculate the remainder when w(-4) is divided by 7.
6
Let g(u) = u**2 + 2*u - 12. Let t be g(3). Suppose -t*q - b + 45 = 0, -4*q = -4*b - 57 - 3. Calculate the remainder when q is divided by -1*1*(-3 - 0).
0
Let l(g) = 2*g - 14. Let a be l(16). Suppose 3*f - 3 - a = 0. Calculate the remainder when f is divided by 5/1 + (-20)/10.
1
Calculate the remainder when 430 is divided by 11 - 2/(-3 + (-13)/(-5)).
14
Suppose -168*l - 120 = -180*l. Let r(m) = m**2 - 4*m + 1. Calculate the remainder when l is divided by r(5).
4
Suppose 10*f - 298 = 22. Calculate the remainder when 350 is divided by f.
30
Let k = 16 + 56. Calculate the remainder when 431 is divided by k.
71
Suppose l + 0*m = m + 62, 0 = 3*l - 4*m - 187. Calculate the remainder when l is divided by 36.
25
Suppose 8*y - 171 = -35. Let o = 50 - y. What is the remainder when o is divided by 1/(36/(-38) - -1)?
14
Suppose -4*x + 5*s = -93, 4*x - 2*s - 102 = -0*s. Let h(f) = -71*f + 299. What is the remainder when x is divided by h(4)?
12
Suppose -772 = -4*c - 3*i, -550 = 9*c - 12*c + 5*i. What is the remainder when c is divided by 90?
10
Suppose -12*m + 16*m - 152 = 0. What is the remainder when m is divided by 19?
0
Calculate the remainder when 75 is divided by (-4 - 60/9)/((-2)/3).
11
Let s(j) = j**2 - j - 191. What is the remainder when 167 is divided by s(15)?
15
Let f = -2009 - -2135. What is the remainder when f is divided by 8?
6
Suppose 0 = 4*n + 2*n - 162. Calculate the remainder when -6*(0 - 70/4) is divided by n.
24
Suppose -15*f = -2409 - 6. Calculate the remainder when f is divided by 41.
38
Let l = 9 + -6. Let k(u) = 2*u**2 + 4*u. Let h = -37 + 45. Calculate the remainder when k(l) is divided by h.
6
Suppose -1771 = -27*x + 2522. What is the remainder when x is divided by 48?
15
Suppose -129*t - 5*s = -124*t - 35, -2*t = -3*s + 16. Let c = -1 - -2. Calculate the remainder when t is divided by c.
0
What is the remainder when (-2)/1*(-1807)/26 is divided by 47?
45
Let y(k) = -83*k**2 + 1. Let h be y(-1). Let m = 131 + h. Calculate the remainder when m is divided by (-876)/(-68) + 8/68.
10
Suppose -j = -15 - 9. Calculate the remainder when j is divided by 25/5 - 12/(3/(-1)).
6
Let j be (4 - 15/5) + 7. Suppose 0 = f + j - 38. What is the remainder when f is divided by 9?
3
Let b = 3519 + -3512. Let h(z) = -2*z**3 + z**2 - 3*z - 2. Calculate the remainder when h(-2) is divided by b.
3
Let q be -4*-1*(-3)/(-6). Suppose -q*z + 5*z = 189. Calculate the remainder when z is divided by 23.
17
Let n be (1 + -2)/(1/11). Let j = 1 - n. Let k = 0 + 22. What is the remainder when k is divided by j?
10
Let n be 26/4 + (-2)/4. Let b(j) = 30*j - 45. Let m(v) = -7*v + 11. Let k(u) = 6*b(u) + 26*m(u). What is the remainder when 22 is divided by k(n)?
2
Suppose 0 = 5*d - 5 + 5. What is the remainder when 171 is divided by 140/4 - (1 + -1 + d)?
31
Let i = -59 + 34. Let g(q) = 2*q**3 + q**2 + 4*q - 1. Let a be g(3). Let y = i + a. Calculate the remainder when y is divided by 13.
10
Suppose -3*l + 5*m = -480, 376 = -5*l + 5*m + 1176. Suppose -d = -6*d + l. Calculate the remainder when 62 is divided by d.
30
Suppose -c = 5*l + 120, c = 4*l + 21 + 84. Let d = l - -39. Calculate the remainder when 54 is divided by d.
12
Suppose 0 = -14*n + 12*n + 5*p + 7, -9 = n - 5*p. Calculate the remainder when 37 is divided by n.
5
Let x = 2963 + -2163. Calculate the remainder when x is divided by 11.
8
Let h = -15 + 25. Suppose -h - 4 = -2*k. What is the remainder when k is divided by 5?
2
Let c = -82 - -53. Let b = 11 - c. Calculate the remainder when b is divided by 7.
5
Let l(n) = n**2 - 2*n + 3. Let k(d) = 2*d**2 + 2*d - 2. Let h be k(-2). Let b = h + -1. Calculate the remainder when l(1) is divided by b.
0
Suppose 5*x = -2*i - 0*i + 62, 2*i = -4*x + 58. Calculate the remainder when (46 - -10) + (-8)/(-2) is divided by i.
18
Let l(r) = 4*r**3 + 26*r**2 + 6*r + 6. Calculate the remainder when 79 is divided by l(-6).
37
Let j = 473 + -332. Suppose -2*b + 20 + 76 = 0. What is the remainder when j is divided by b?
45
Let z = 47 + -14. Let i = z - 18. Let o(r) = r + 6. What is the remainder when i is divided by o(0)?
3
Let g = 70 + -64. Suppose 118 = g*k + 4. Calculate the remainder when 36 is divided by k.
17
What is the remainder when 326 is divided by 9/1 - 13 - (-68 - 2)?
62
Let w(k) = -2*k**3 - 14*k**2 + 10*k - 5. Calculate the remainder when w(-8) is divided by 1 - 0 - (-3 + -7).
10
Suppose -3*m = 4*p + 9 - 31, m + 5*p = 22. Suppose 0 = m*u + 14 - 42. Calculate the remainder when 97 is divided by u.
13
Let s = -47 - -87. What is the remainder when 151 is divided by s?
31
Suppose -b = -n + 188, 12 = 4*n - 8. Let i = -95 - b. Calculate the remainder when i is divided by 13.
10
Suppose 0 = 2*n + 4*q + 12 + 8, 0 = 2*n + q + 5. Suppose 3*c = 5*a - 599, -4*a + n*c - c = -486. Let j = 88 + -57. What is the remainder when a is divided by j?
28
Suppose -3*s = -82 + 10. What is the remainder when 335 is divided by s?
23
Let h = -47 + 61. Suppose h*a = 16*a - 154. Let p = 58 - 32. Calculate the remainder when a is divided by p.
25
Suppose 3*d - 2925 = -3*q, 224*q - 3900 = -4*d + 228*q. Calculate the remainder when d is divided by 89.
85
Suppose 4*q = -96 + 144. Let x be (0 - 0)/(6/3). Let j(r) = r**3 + r**2 + 46. Calculate the remainder when j(x) is divided by q.
10
Let h(c) = c**2 - 6*c - 5. Let d be h(6). Calculate the remainder when 3 is divided by d/2*24/(-30).
1
Suppose -23*r = 3*r - 572. What is the remainder when 481 is divided by r?
19
Suppose -4*q - q + 145 = 0. Let h(v) = -v + 16. What is the remainder when q is divided by h(8)?
5
Suppose 23 + 335 = u. Calculate the remainder when u is divided by 13.
7
Suppose -3*z = -12, -r = -2*z + 2 + 5. Suppose -3*m + 5*o + 19 = 0, -3*m = 2*o - 4 - r. What is the remainder when 56/6 + (-5)/15 is divided by m?
0
Let n be 0/(-3*(-3)/9). Suppose n*w + 5*z = -4*w - 17, 4*z + 7 = -w. Calculate the remainder when 14 is divided by 9/3 - (w + 1).
4
Let w(m) = -6*m + 8. Suppose -4*o - 45 = 3*q, 0*q - 23 = 2*o + q. Let a be w(o). Let l = a + -16. What is the remainder when l is divided by 33?
31
Let t(r) = 4*r**3 + 2*r**2 + r + 3. Suppose 5*x - 172 = k, -4*x = k - 98 - 36. Calculate the remainder when t(3) is divided by x.
30
Suppose -6*k - 3*s + 66 = -k, -5*s = -2*k + 45. Suppose 3*h - 15 = k. What is the remainder when 17 is divided by h?
7
Suppose 18 = 5*s + 3*k, 0 = -4*k - 0 + 4. Suppose 4*h - 116 = -s*j, -4 - 3 = -j + 5*h. Suppose 35 = 16*m - 11*m. Calculate the remainder when j is divided by m.
4
Let n(l) = 70*l + 1. Let p = -52 + 70. What is the remainder when n(1) is divided by p?
17
Let w be (-1)/(-2) + (-9)/(-6). What is the remainder when 80 is divided by 75/3 - (-4)/w?
26
Suppose -40*s + 53*s